nd o?
15
Suppose -3*g + 354 = -453. Let p = -250 + g. Calculate the greatest common divisor of p and 513.
19
Let y = 15797 - 15661. Calculate the highest common factor of y and 12104.
136
Let p(y) = -4*y**3 + 37*y**2 - 9*y + 7. Let l be p(9). Let x(o) = 302*o - 1. Let k be x(1). What is the greatest common divisor of l and k?
7
Suppose 26*s - 2028 - 1508 = 0. Suppose 2*j = 4*n + 64, 4*j - 122 = 4*n + 10. What is the highest common divisor of s and j?
34
Suppose d + 3*d = -t + 36, -3*t - 3*d + 99 = 0. Suppose -2*w + 4*b - b - t = 0, 2 = -w + 5*b. Let a = 31 + w. What is the highest common factor of a and 63?
9
Let s(b) = -3*b**2 + 7*b + 4. Let v be s(2). Suppose -2*c = -5*j + 715, v*j - 3*j + 2*c = 429. Calculate the greatest common factor of j and 22.
11
Let q(o) = o**2 + o - 114. Let l be q(12). Let g = 1215 + -1068. What is the greatest common divisor of l and g?
21
Suppose 0 = 4*o + 11*t - 9960 + 1732, 2*o - 4*t = 4114. What is the greatest common divisor of 425 and o?
17
Let d(u) = -2*u - 31. Let c be d(-17). Let n(g) = -320*g - 4 - c + 6. Let h be n(-1). What is the greatest common divisor of h and 29?
29
Let r(j) = -9*j + 80. Let p be r(10). Let l be (-26)/4*p/(-4 + 5). What is the greatest common factor of 715 and l?
65
Let i = 92 - -2806. What is the greatest common divisor of i and 345?
69
Let c = 4395 + -4140. What is the highest common divisor of c and 306?
51
Let c(w) = w**2 - 3*w - 9. Let d be c(5). Let g be d - ((-24)/4 + 0). What is the highest common divisor of 119 and g?
7
Suppose 3*w = r + 2334, 8*w = 12*w - 5*r - 3090. What is the highest common divisor of w and 72?
12
Let w be (-336)/(-40)*190/3. Suppose t = -2*t - 4*y + w, -2*t + 350 = 5*y. What is the highest common factor of 20 and t?
20
Let k be (-6)/16 - (-17 - (-4734941)/(-184)). Calculate the highest common divisor of k and 25.
25
Let k(h) = -34*h**3 - h. Let g be k(-1). Let q be (-2 + g)/(2 + -1). Calculate the highest common divisor of 561 and q.
33
Let x = -185 + 346. Let j(z) be the third derivative of -z**4/24 + 14*z**3/3 + 11*z**2. Let c be j(5). Calculate the highest common factor of x and c.
23
Suppose -353 = 20*n - 509 - 944. What is the greatest common divisor of n and 1529?
11
Let z = 252 - 172. Suppose -3*u = -3*s - 24, -2*u + 5 = s - 17. Let w be (-1204)/(-10) - ((-86)/u + 9). What is the greatest common factor of w and z?
40
Let f(t) = -249*t - 12888. Let o be f(-52). Let j be (0 + 15)*(-1 - -15). Calculate the highest common divisor of o and j.
30
Suppose -992 = -0*q - 4*q. Suppose 33*z - 2199 - 2586 = 0. Let y be 4485/z - (-4)/58. What is the highest common divisor of y and q?
31
Let p(w) = 325*w**3 - w**2 + 4*w - 4. Suppose -5*v + 12 = 7*v. Let h be p(v). What is the highest common divisor of 36 and h?
36
Suppose 0 = 2*k + u - 93, 0*k - u = 3*k - 141. Let b(q) = q**2 - 40*q + 143. Let f be b(37). Calculate the greatest common divisor of f and k.
16
Let b(o) = 2*o**2 + 34*o + 110. Let q(u) = u**2 + 17*u + 55. Let y(f) = 3*b(f) - 5*q(f). Let c be y(-13). What is the greatest common factor of 3 and c?
3
Let c = -8087 + 8879. Calculate the highest common factor of 7326 and c.
198
Suppose 92 - 307 = -48*w + 73. Suppose 2*s = s - 4, 77 = a + 2*s. Let u = a + -37. What is the highest common divisor of u and w?
6
Suppose 17*y - 5376 = -2*h + 12*y, 5*h - 13377 = -2*y. Calculate the highest common divisor of 396 and h.
99
Let i = -406 + 638. Calculate the highest common factor of i and 261.
29
Let i(u) = u**2 + 156*u + 5454. Let j be i(-52). Suppose -6*t - 3*v = -t - 1256, -5*v - 1027 = -4*t. What is the greatest common divisor of j and t?
23
Let y = 5926 + -5796. Suppose 2*f = 5*p - 92, -30 = -2*p + 4*f - 6. Calculate the highest common divisor of y and p.
10
Let o(i) = -86*i + 111. Let j be o(8). Let w = j + 669. What is the highest common divisor of 1472 and w?
92
Suppose 4*q + 3*r = 3*q + 37, -3*r - 159 = -3*q. Suppose -4*x + 784 = 3*x. What is the greatest common factor of q and x?
7
Suppose -136*r = -286*r + 133*r + 8211. What is the greatest common factor of r and 2163?
21
Let g(s) = -120*s - 8094. Let r be g(-68). Calculate the greatest common divisor of r and 3894.
66
Let y = 421 + 192. Let w = y + -208. What is the highest common factor of w and 27?
27
Let j = -15723 - -15742. Calculate the greatest common divisor of 21337 and j.
19
Let o = 109 + -44. Suppose 13*n - 78 - o = 0. Let g be (2/4)/(1/2). Calculate the highest common factor of n and g.
1
Let c be (12 - (-1 - (-3 + 0)))*-1. Let z(u) = -u**2 - 12*u + 18. Let k be z(c). Let m be (k/6)/(1/3). Calculate the highest common factor of 133 and m.
19
Let f = -231 - -180. Let o be ((-6)/(-4))/(1/(-26)). Let k = o - f. Calculate the greatest common factor of 20 and k.
4
Let d be 7 + (3 - ((-8 - -17) + 8)) + 33. Calculate the greatest common divisor of 3887 and d.
13
Let c(s) = 156*s**2 - 33*s + 43. Let v be c(4). What is the greatest common divisor of 29 and v?
29
Suppose 4*w - 326 = -6*r + 9*r, -4*w - 5*r = -278. What is the highest common factor of 3619 and w?
77
Suppose -29*n = -47*n + 432. Suppose -n = -s + 3*m, -5*s - 3*m + 40 = -26. Suppose -3*c - 525 = -8*c. Calculate the highest common factor of s and c.
15
Suppose 0 = 5*s - 2*c - 471, -3*s + 73 = 3*c - 197. Calculate the greatest common divisor of s and 16461.
93
Let y(f) = -f**2 + 20. Let c be y(-4). Suppose c*s + a - 65 = 0, -5*s - a + 79 = a. Calculate the greatest common factor of s and 3.
1
Let k = 852 + -829. Suppose -k*j + 566 = -21*j + a, -835 = -3*j - 5*a. What is the greatest common divisor of j and 45?
15
Let x = -7388 + 9215. Calculate the greatest common divisor of x and 42.
21
Let p = 3996 - 3876. What is the highest common factor of p and 8?
8
Suppose -116*r = 5*c - 112*r - 244, -c = 5*r - 74. Calculate the highest common factor of 8404 and c.
44
Let h be ((-3)/(-8) + 114/(-48))*-1836. Suppose 32*w - h = -2*w. What is the greatest common divisor of w and 4?
4
Let b(g) = g**3 + 39*g**2 + 39*g + 142. Let t be b(-38). What is the greatest common factor of 559 and t?
13
Let m(i) = -8*i**2 + 25*i + 103. Let c be m(5). What is the greatest common divisor of c and 7154?
14
Suppose -4*c = 2 - 162. Let y(g) = -g**3 - 9*g**2 + 6*g - 20. Let m be y(-10). Let i = c - m. Calculate the greatest common divisor of 8 and i.
4
Let s = 251 + -249. Suppose -a - u + 82 = 0, 15 + 289 = 4*a - s*u. Calculate the highest common factor of a and 13.
13
Let k = -351 + 52. Let r = 358 + k. Calculate the greatest common divisor of 118 and r.
59
Suppose 45 = 32*g - 23*g. Suppose -g*w = -2*p - 79 - 19, -3*w = -5*p - 55. Calculate the highest common divisor of w and 20.
20
Suppose -2*x - 4*u + 16 = 0, 0 = -u + 5*u. Let t = 282 + -263. Suppose -4*n = -3*c - t, -c - 3 = 2*n - 0*n. Calculate the highest common factor of x and n.
1
Suppose -58*i + 47*i = -38*i + 864. Suppose 2*x = 5*x - 144. Calculate the greatest common divisor of x and i.
16
Let u(i) = -2*i**3 + 42*i**2 - i + 27. Let n be u(21). Let z(y) = y**2 + 19*y + 198. Let g be z(-15). What is the greatest common factor of g and n?
6
Let y = 122 - 108. Let u be (-1 - (-19)/(-5))*(-35)/y. Suppose -2*f + u = -f - 2*j, -f = -3*j - 16. What is the highest common factor of 1 and f?
1
Let p = -8192 + 10172. Calculate the greatest common divisor of p and 11.
11
Let a = -5064 - -5085. Calculate the highest common divisor of 91 and a.
7
Let r(b) = 4*b**3 + 3*b**2 + 5*b + 2. Let j be r(-3). Let w be 70*1/10*(0 + -8). Let s = w - j. Calculate the highest common divisor of 418 and s.
38
Suppose 2*l + 3*j = 963, 5*l - 7*l = -4*j - 984. Calculate the greatest common factor of l and 11907.
243
Let g be 114/95*5*1. Suppose d = 0, g*d = -4*n + 9*d + 280. What is the highest common divisor of n and 120?
10
Suppose 0 = -525*p + 522*p + 22089. What is the greatest common factor of p and 199?
199
Suppose -956 = -2*f - 38*u + 40*u, -4*u + 12 = 0. Calculate the greatest common divisor of f and 222.
37
Let h(t) = -12*t**3 + 331*t**2 - 4*t - 17. Let w be h(27). Calculate the greatest common divisor of 304 and w.
38
Suppose -84 = -2*v - 0*f + 2*f, 2*f - 259 = -5*v. Calculate the highest common divisor of 24941 and v.
49
Suppose -196 = 5*c + 5*g - 3*g, 5*g = -4*c - 167. Let o(v) = v**3 + 35*v**2 - 112*v + 80. Let f be o(c). Cal